{"id":12,"date":"2025-11-18T20:47:28","date_gmt":"2025-11-18T20:47:28","guid":{"rendered":"https:\/\/dzcg.me\/?page_id=12"},"modified":"2025-11-23T23:13:02","modified_gmt":"2025-11-23T23:13:02","slug":"about","status":"publish","type":"page","link":"https:\/\/www.dzcg.me\/index.php\/about\/","title":{"rendered":"O DZCG"},"content":{"rendered":"\n<p><\/p>\n\n\n\n<div class=\"wp-block-columns alignwide is-layout-flex wp-container-core-columns-is-layout-28f84493 wp-block-columns-is-layout-flex\">\n<div class=\"wp-block-column is-layout-flow wp-block-column-is-layout-flow\">\n<figure class=\"wp-block-image size-full has-custom-border\"><img loading=\"lazy\" decoding=\"async\" width=\"951\" height=\"477\" src=\"http:\/\/www.dzcg.me\/wp-content\/uploads\/2025\/11\/wallpaper_002.png\" alt=\"\" class=\"wp-image-39\" style=\"border-width:2px;border-radius:20px\" srcset=\"https:\/\/www.dzcg.me\/wp-content\/uploads\/2025\/11\/wallpaper_002.png 951w, https:\/\/www.dzcg.me\/wp-content\/uploads\/2025\/11\/wallpaper_002-300x150.png 300w\" sizes=\"auto, (max-width: 951px) 100vw, 951px\" \/><\/figure>\n\n\n\n<p class=\"has-black-color has-text-color has-medium-font-size\"><strong>Istorijat<\/strong><\/p>\n\n\n\n<p>Dru\u0161tvo za zavarivanje Crne Gore postoji od 1955. godine i sve do 1992. godine funkcionisalo je u okviru Dru\u0161tva za zavarivanje Jugoslavije. U periodu od 1992. \u2013 2006. godine funkcionisalo je u okviru Dru\u0161tva za zavarivanje Srbije i Crne Gore. Na\u017ealost, od 2006. godine iz administrativnih razloga, budu\u0107i da nije izvr\u0161ena njegova registracija, nije funkcionisalo.<\/p>\n\n\n\n<p>Grupa entuzijasta i po\u0161tovalaca tehnike zavarivanja, \u0160aran\u010di\u0107 Darko, dipl.in\u017e.ma\u0161., IWE\/IWC; doc. dr Nikola \u0160ibali\u0107, Mirkovi\u0107 Mladen, dipl.in\u017e.metal., IWE, Rado\u0161evi\u0107 Jovan, dipl.in\u017e.ma\u0161., IWE i prof. dr Darko Baji\u0107, organizovala se i odr\u017eala 07. jula 2022. godine osniva\u010dku Skup\u0161tinu Dru\u0161tva za zavarivanje. Na osnovu \u010dlana 10 stav 1, Zakona o nevladinim organizacijama (\u201cSlu\u017ebeni list Crne Gore\u201d, br. 039\/11 od 04.08.2011, 037\/17 od 14.06.2017), prisutni \u010dlanovi Skup\u0161tine jednoglasno su usvojili tekst predloga Odluke o osnivanju Nevladinog udru\u017eenja Dru\u0161tvo za Zavarivanje Crne Gore. Prisutni \u010dlanovi Skup\u0161tine jednoglasno su usvojili tekst Statuta Nevladinog udru\u017eenja Dru\u0161tvo za Zavarivanje Crne Gore. Za predsjednika Dru\u0161tva izabran je prof. dr Darko Baji\u0107 koji \u0107e biti ovla\u0161\u0107eno lice za zastupanje i predstavljanje Dru\u0161tva.<\/p>\n\n\n\n<p>Re\u0161enjem br. UPI 01-056\/22-1601\/3 od 13.10.2022. godine, od strane Ministarstva javne uprave Crne Gore, u registru nevladinih udru\u017eenja, pod rednim brojem 10544, upisano je nevladino udru\u017eenje naziva \u201cDru\u0161tvo za Zavarivanje Crne Gore\u201d, skra\u0107enog naziva \u201cDZCG\u201d, naziva na engleskom jeziku \u201cMontenegro Welding Society\u201d.<\/p>\n\n\n\n<p>Shodno \u010dlanu 1 Statuta, DZCG je dobrovoljna, nevladina, neprofitabilna, stru\u010dno-nau\u010dna, interesna i profesionalna organizacija lica tehni\u010dko-tehnolo\u0161ke struke za oblast zavarivanja, lemljenja i termi\u010dkog rezanja, radi ostvarivanja i unapre\u0111ivanja li\u010dnih interesa i afirmacije u okviru zajedni\u010dkih interesa svih \u010dlanova. DZCG je osnovano na principima slobode udru\u017eivanja i otvoreno je za saradnju sa drugim udru\u017eenjima, nau\u010dno-stru\u010dnim, privrednim i ostalim organizacijama i pojedincima na bazi me\u0111usobnog uva\u017eavanja, uzajamnog po\u0161tovanja i samostalnosti u radu, prema civilizacijskim standardima.<\/p>\n<\/div>\n\n\n\n<div class=\"wp-block-column is-layout-flow wp-block-column-is-layout-flow\">\n<p class=\"has-black-color has-text-color has-medium-font-size\"><strong>Na\u0161a vizija<\/strong><\/p>\n\n\n\n<p>DZCG je osnovano radi ostvarivanja ciljeva u oblasti zavarivanja i srodnih postupaka sa slede\u0107im ciljevima:<\/p>\n\n\n\n<p>a) okupljanje i organizovanje \u010dlanova Dru\u0161tva radi unapre\u0111enja njihovog stru\u010dnog znanja i razvoja kreativnih inicijativa u oblasti zavarivanja i srodnim postupcima,<br>b) me\u0111usobna razmena stru\u010dnih znanja i iskustava i informacija o bitnim aspektima razvoja oblasti zavarivanja, srodnih tehnologija i prate\u0107ih tehni\u010dkih disciplina,<br>c) pra\u0107enje i implementacija savremenih tehnologija i razvoja tehnologija,<br>d) daje preporuke i u\u010destvuje u izradi propisa koji se odnose na struku zavarivanja,<br>e) organizacija i pru\u017eanje pomo\u0107i \u010dlanovima u nau\u010dnom i stru\u010dnom usavr\u0161avanju,<br>f) uspostavljanje i \u0161irenje stru\u010dnih i kolegijalnih veza sa udru\u017eenjima in\u017eenjera i tehni\u010dara u zemlji i inostranstvu,<br>g) izdavanje nau\u010dnih i stru\u010dnih, stalnih i periodi\u010dnih ili povremenih publikacija od interesa za \u010dlanove Dru\u0161tva i zajednicu,<br>h) priprema, odr\u017eava i podr\u017eava konferencije koje su predvi\u0111ene za stru\u010dno obrazovanje i usavr\u0161avanje \u010dlanstva Dru\u0161tva i drugih zainteresovanih lica,<br>i) priprema, odr\u017eava i podr\u017eava takmi\u010denja u oblasti tehnike zavarivanja kako u zemlji tako i u inostranstvu,<br>j) razvoj i njegovanje eti\u010dkog in\u017eenjerskog poziva, odbrana dru\u0161tvenog ugleda i za\u0161tita \u010dlanova Dru\u0161tva,<br>k) pomaganje u razvoju i unapre\u0111enju tehnika i privrede onih sa sli\u010dnim ciljevima Dru\u0161tva.<\/p>\n\n\n\n<p><\/p>\n<\/div>\n\n\n\n<div class=\"wp-block-column is-layout-flow wp-block-column-is-layout-flow\">\n<p class=\"has-black-color has-text-color has-medium-font-size\"><strong>Poziv<\/strong><\/p>\n\n\n\n<p>Po\u0161tovane kolege, u ime osniva\u010da Dru\u0161tva, pozivam vas da uzmete aktivno u\u010de\u0161\u0107e u njegovom radu i na taj na\u010din svi zajedno doprinesemo uvo\u0111enju neophodnih standarda u ovoj oblasti. Prizna\u0107ete da u ovom trenutku oblast zavarivanja u Crnoj Gori se nalazi u jednom nesre\u0111enom stanju.<\/p>\n\n\n\n<p>Dru\u0161tvo planira da krajem maja 2026. godine organizuje nau\u010dno-stru\u010dnu konferenciju u \u010dast 70 godina postojanja Dru\u0161tva. U okviru ove konferencije organizova\u0107e se izlo\u017eba zavariva\u010dke opreme i materijala na kojoj \u0107e se osim doma\u0107ih distributera predstaviti i izlaga\u010di iz inostranstva. Imamo ambiciozne planove, budite dio tima koji radi na njihovoj realizaciji.<\/p>\n<\/div>\n<\/div>\n","protected":false},"excerpt":{"rendered":"<p>Istorijat Dru\u0161tvo za zavarivanje Crne Gore postoji od 1955. godine i sve do 1992. godine funkcionisalo je u okviru Dru\u0161tva za zavarivanje Jugoslavije. U periodu od 1992. \u2013 2006. godine funkcionisalo je u okviru Dru\u0161tva za zavarivanje Srbije i Crne Gore. Na\u017ealost, od 2006. godine iz administrativnih razloga, budu\u0107i da nije izvr\u0161ena njegova registracija, nije &hellip; <\/p>\n<p class=\"link-more\"><a href=\"https:\/\/www.dzcg.me\/index.php\/about\/\" class=\"more-link\">Read more<span class=\"screen-reader-text\"> &#8220;O DZCG&#8221;<\/span><\/a><\/p>\n","protected":false},"author":1,"featured_media":0,"parent":0,"menu_order":0,"comment_status":"closed","ping_status":"closed","template":"","meta":{"footnotes":""},"class_list":["post-12","page","type-page","status-publish","hentry"],"_links":{"self":[{"href":"https:\/\/www.dzcg.me\/index.php\/wp-json\/wp\/v2\/pages\/12","targetHints":{"allow":["GET"]}}],"collection":[{"href":"https:\/\/www.dzcg.me\/index.php\/wp-json\/wp\/v2\/pages"}],"about":[{"href":"https:\/\/www.dzcg.me\/index.php\/wp-json\/wp\/v2\/types\/page"}],"author":[{"embeddable":true,"href":"https:\/\/www.dzcg.me\/index.php\/wp-json\/wp\/v2\/users\/1"}],"replies":[{"embeddable":true,"href":"https:\/\/www.dzcg.me\/index.php\/wp-json\/wp\/v2\/comments?post=12"}],"version-history":[{"count":11,"href":"https:\/\/www.dzcg.me\/index.php\/wp-json\/wp\/v2\/pages\/12\/revisions"}],"predecessor-version":[{"id":231,"href":"https:\/\/www.dzcg.me\/index.php\/wp-json\/wp\/v2\/pages\/12\/revisions\/231"}],"wp:attachment":[{"href":"https:\/\/www.dzcg.me\/index.php\/wp-json\/wp\/v2\/media?parent=12"}],"curies":[{"name":"wp","href":"https:\/\/api.w.org\/{rel}","templated":true}]}}